eds digit of 418613?
6
What is the hundreds digit of 5031214?
2
What is the ten thousands digit of 168174?
6
What is the millions digit of 6270949?
6
What is the tens digit of 12020799?
9
What is the ten thousands digit of 172453?
7
What is the tens digit of 6978917?
1
What is the thousands digit of 50037?
0
What is the hundred thousands digit of 333972?
3
What is the thousands digit of 727743?
7
What is the tens digit of 173850?
5
What is the ten thousands digit of 711641?
1
What is the thousands digit of 97548?
7
What is the hundreds digit of 87242?
2
What is the hundreds digit of 273248?
2
What is the hundreds digit of 257598?
5
What is the thousands digit of 3069613?
9
What is the hundreds digit of 616774?
7
What is the hundreds digit of 2466552?
5
What is the thousands digit of 21090943?
0
What is the hundred thousands digit of 273844?
2
What is the hundreds digit of 104275?
2
What is the hundred thousands digit of 12874544?
8
What is the millions digit of 4861857?
4
What is the tens digit of 373704?
0
What is the hundred thousands digit of 587733?
5
What is the units digit of 1279769?
9
What is the hundred thousands digit of 480647?
4
What is the tens digit of 742?
4
What is the millions digit of 4954843?
4
What is the hundreds digit of 16939474?
4
What is the ten millions digit of 16949094?
1
What is the hundreds digit of 821204?
2
What is the tens digit of 250933?
3
What is the tens digit of 271006?
0
What is the ten millions digit of 10453057?
1
What is the hundred thousands digit of 1353355?
3
What is the millions digit of 6615416?
6
What is the hundred thousands digit of 21381907?
3
What is the ten thousands digit of 19439?
1
What is the hundred thousands digit of 558462?
5
What is the millions digit of 3048308?
3
What is the hundred thousands digit of 948608?
9
What is the hundreds digit of 11042703?
7
What is the thousands digit of 3984057?
4
What is the hundred thousands digit of 19873758?
8
What is the hundreds digit of 4563087?
0
What is the hundreds digit of 5224585?
5
What is the ten millions digit of 18431761?
1
What is the ten thousands digit of 121101?
2
What is the hundreds digit of 2666956?
9
What is the ten thousands digit of 4257107?
5
What is the hundred thousands digit of 5500401?
5
What is the ten millions digit of 14277701?
1
What is the millions digit of 5729947?
5
What is the hundred thousands digit of 1595054?
5
What is the millions digit of 4022870?
4
What is the tens digit of 12931?
3
What is the ten thousands digit of 369148?
6
What is the ten thousands digit of 7885593?
8
What is the thousands digit of 315940?
5
What is the hundreds digit of 6536?
5
What is the hundred thousands digit of 15850998?
8
What is the ten thousands digit of 86275?
8
What is the units digit of 1646184?
4
What is the thousands digit of 538109?
8
What is the units digit of 807?
7
What is the hundred thousands digit of 3411014?
4
What is the tens digit of 19849691?
9
What is the hundred thousands digit of 2331158?
3
What is the hundred thousands digit of 865969?
8
What is the ten thousands digit of 305622?
0
What is the units digit of 3679900?
0
What is the ten thousands digit of 636863?
3
What is the tens digit of 3197607?
0
What is the units digit of 2457843?
3
What is the tens digit of 731230?
3
What is the tens digit of 173975?
7
What is the thousands digit of 2878798?
8
What is the tens digit of 911027?
2
What is the hundred thousands digit of 1811190?
8
What is the hundred thousands digit of 576411?
5
What is the hundred thousands digit of 983452?
9
What is the units digit of 38943?
3
What is the units digit of 16366936?
6
What is the hundred thousands digit of 120492?
1
What is the units digit of 19746627?
7
What is the hundreds digit of 273980?
9
What is the ten thousands digit of 2143798?
4
What is the units digit of 919010?
0
What is the hundreds digit of 89654?
6
What is the ten millions digit of 17865742?
1
What is the hundred thousands digit of 12968021?
9
What is the units digit of 469476?
6
What is the tens digit of 771734?
3
What is the hundred thousands digit of 1109484?
1
What is the hundred thousands digit of 626906?
6
What is the hundreds digit of 158589?
5
What is the hundreds digit of 2338278?
2
What is the hundred thousands digit of 167272?
1
What is the hundreds digit of 8869619?
6
What is the tens digit of 220190?
9
What is the hundred thousands digit of 11229110?
2
What is the hundred thousands digit of 776106?
7
What is the hundred thousands digit of 150255?
1
What is the hundred thousands digit of 20203634?
2
What is the millions digit of 1122636?
1
What is the units digit of 1567116?
6
What is the ten thousands digit of 1728645?
2
What is the ten thousands digit of 14256644?
5
What is the hundreds digit of 20456907?
9
What is the thousands digit of 227559?
7
What is the tens digit of 19338423?
2
What is the tens digit of 124025?
2
What is the tens digit of 6296471?
7
What is the thousands digit of 5205134?
5
What is the tens digit of 473074?
7
What is the ten thousands digit of 1866719?
6
What is the tens digit of 1061752?
5
What is the units digit of 123811?
1
What is the units digit of 725781?
1
What is the thousands digit of 9219984?
9
What is the millions digit of 2313875?
2
What is the ten thousands digit of 2970391?
7
What is the thousands digit of 2248327?
8
What is the hundred thousands digit of 421914?
4
What is the thousands digit of 1934854?
4
What is the hundred thousands digit of 408294?
4
What is the ten millions digit of 14744688?
1
What is the ten thousands digit of 3046247?
4
What is the tens digit of 14996826?
2
What is the thousands digit of 2019620?
9
What is the hundred thousands digit of 1054689?
0
What is the thousands digit of 679881?
9
What is the hundreds digit of 8001?
0
What is the hundred thousands digit of 297377?
2
What is the thousands digit of 3040076?
0
What is the hundred thousands digit of 4019508?
0
What is the tens digit of 2937847?
4
What is the hundreds digit of 83963?
9
What is the hundreds digit of 323525?
5
What is the hundreds digit of 3458562?
5
What is the millions digit of 1047967?
1
What is the tens digit of 2039916?
1
What is the millions digit of 2088974?
2
What is the millions digit of 2525936?
2
What is the hundreds digit of 306244?
2
What is the thousands digit of 579529?
9
What is the thousands digit of 41646?
1
What is the ten thousands digit of 7990862?
9
What is the hundred thousands digit of 495966?
4
What is the tens digit of 1799497?
9
What is the hundred thousands digit of 2198089?
1
What is the hundred thousands digit of 742341?
7
What is the millions digit of 18592951?
8
What is the hundred thousands digit of 1668663?
6
What is the tens digit of 3233879?
7
What is the ten thousands digit of 446965?
4
What is the ten thousands digit of 567077?
6
What is the hundred thousands digit of 7117845?
1
What is the ten thousands digit of 2361784?
6
What is the ten thousands digit of 10843208?
4
What is the hundred thousands digit of 479537?
4
What is the tens digit of 265659?
5
What is the units digit of 236373?
3
What is the thousands digit of 282008?
2
What is the thousands digit of 6476348?
6
What is the hundred thousands digit of 5653644?
6
What is the units digit of 110486?
6
What is the thousands digit of 725602?
5
What is the ten millions digit of 18073052?
1
What is the hundreds digit of 6228264?
2
What is the tens digit of 2600297?
9
What is the hundreds digit of 45635?
6
What is the hundreds digit of 19803007?
0
What is the hundreds digit of 226891?
8
What is the thousands digit of 6803797?
3
What is the units digit of 1114695?
5
What is the hundreds digit of 831239?
2
What is the hundred thousands digit of 733003?
7
What is the hundreds digit of 1956645?
6
What is the ten thousands digit of 167156?
6
What is the hundred thousands digit of 433518?
4
What is the millions digit of 3460630?
3
What is the thousands digit of 232286?
2
What is the units digit of 22150351?
1
What is the hundred thousands digit of 564540?
5
What is the ten thousands digit of 1433526?
3
What is the thousands digit of 3605709?
5
What is the units digit of 12867651?
1
What is the hundreds digit of 2243010?
0
What is the hundred thousands digit of 23046817?
0
What is t